on factor of j and 2495?
5
Let r be -2*(-20)/15*-3. Let y be 231/12 - (-2)/r. Suppose 4*n + 12 = 5*z - 83, -z + 2*n = -y. What is the highest common factor of 19 and z?
19
Let v(z) = 2*z**2 - 10*z - 20. Let c be v(-3). Suppose c*f + 18 = 2*x + 25*f, -3*x = 3*f - 42. Calculate the greatest common divisor of x and 114.
6
Let i(z) = -z**3 - 22*z**2 - 18*z + 68. Let u be i(-21). Let s be 57/(8/((-80)/(-15))). Let v = s + -23. Calculate the highest common divisor of u and v.
5
Let l(a) = 3*a**2 + 60*a + 598. Let x be l(-23). Calculate the greatest common factor of x and 455.
35
Suppose -467*a + 549*a = 23616. What is the highest common factor of 90 and a?
18
Let s = -67 + 58. Let b be 4 + 5 + s + 26 + -2. Calculate the highest common factor of b and 12.
12
Let t = 73 - 68. Let w be 102/t*(-60)/(-9). What is the greatest common factor of 8 and w?
8
Suppose 0 = -182*o + 180*o + 1296. Let k = o + -618. What is the highest common factor of 55 and k?
5
Let v = 6649 + -6049. Calculate the greatest common factor of v and 960.
120
Suppose 3*v = 5*l - 116, 0 = 3*v + 2*v - 2*l + 168. Let d = v - -37. Suppose d*a = -15, 0 = q + 3*q - a - 67. What is the greatest common divisor of 48 and q?
16
Let s(y) be the second derivative of 11*y**4/6 - 20*y**3/3 + y**2/2 + 2*y + 35. Let p be s(5). What is the highest common factor of p and 13?
13
Let f(s) = s**2 - 38*s + 1724. Let j be f(61). What is the greatest common divisor of 53 and j?
53
Suppose 7*o = 5*p + 8000, -2*p - 401 = 2*o - 2673. Calculate the greatest common divisor of 19 and o.
19
Suppose -f - s = -2*f + 10, 3*s + 39 = 4*f. Suppose y + 2 - f = 0. What is the greatest common factor of y and 175?
7
Let g(v) = -9*v - 43. Let b be g(-5). Suppose b*q = 4*m - 27 - 5, -4*q = 5*m - 66. What is the highest common divisor of m and 10?
10
Let b(t) = -37 - 11 + 24 - 29*t. Let y be b(-12). Calculate the highest common factor of 36 and y.
36
Suppose -101*z - 9850 = -13250 - 14477. What is the highest common divisor of 10915 and z?
59
Suppose 2*f + 17 = 21. Let y be (-11)/22 - (f - (-31)/(-2)). Suppose -2*q + x - 4*x = -21, q + 4*x - y = 0. What is the highest common factor of q and 72?
9
Suppose 0*t = -t + 2*r - 224, 3*t + 650 = -5*r. Let f = -214 - t. What is the greatest common divisor of f and 39?
3
Let a = -51124 - -51138. Let f = 40 - -10. Let h = f + 62. Calculate the greatest common factor of h and a.
14
Let h be 143*(14 - (-1937)/(-143)). Calculate the highest common factor of h and 26.
13
Suppose 0 = -5*k - 15, 28*k - 73 = -2*l + 27*k. Calculate the highest common factor of 2546 and l.
38
Suppose 0 = -2*l + 10, k - 2*l = -4*l + 9. Let b = k + 3. Let i be (-22)/(-121) - (16/6)/(11/(-90)). What is the highest common divisor of b and i?
2
Let w be (732138/(-220))/(9/(-24)) - (-2)/(-5). Calculate the greatest common divisor of 17 and w.
17
Suppose a = -4*r + 28, 2*a + 7 - 33 = -3*r. Let t be 72/(-180)*410/4. Let v be t/123*(-30)/1. What is the greatest common factor of r and v?
2
Let g(k) = -79*k - 63. Let t be g(-9). Suppose 0 = -c - 5*f + 105 + 39, t = 4*c + 2*f. Calculate the greatest common factor of 246 and c.
82
Suppose -1211*n - 120692 = -1224*n. What is the greatest common factor of 132 and n?
44
Let k(u) be the second derivative of -7/6*u**3 + 5*u + 1/12*u**4 + 0 - 11/2*u**2. Let c be k(10). What is the highest common divisor of c and 133?
19
Let s(q) = -3*q**2 + 602*q - 184. Let b be s(84). Calculate the highest common factor of b and 16.
16
Suppose g = -4*d + 1560, 39*d + 2*g = 35*d + 1560. Calculate the highest common divisor of d and 1248.
78
Let s = 35 - -25. Let x be (18/15)/3*s. Suppose -3*c + 10 = 2*f, -6*c = -9*c - 6. Calculate the highest common divisor of f and x.
8
Let o be (-1 + 16)/(-5) - (0 + -4). Let l be 620/279 - ((-33)/(-27) - o). Calculate the greatest common factor of 94 and l.
2
Suppose 4*i - 32 = 4*q, 2*q + 0 - 4 = -3*i. Suppose -i*l + 156 - 44 = 0. Let k = -383 + 395. What is the greatest common divisor of k and l?
4
Let b be ((-580)/(-14))/(-19 - (-2670)/140). Calculate the greatest common factor of 100 and b.
20
Let d = 60 + -60. Let b(o) = -2*o**2 + 2*o + 2. Let l be b(d). Suppose -4*n + 240 = 5*k, l*k - 7*n + 2*n = 63. Calculate the highest common factor of 11 and k.
11
Let x(u) = -186*u + 6696. Let k be x(35). What is the highest common factor of 12 and k?
6
Let y(j) = -j**3 + 33*j**2 - 199*j - 13. Let b be y(25). Calculate the highest common divisor of b and 858.
6
Suppose -4*a - 264 = -288. Let b be (29 - 37)*(2205/12)/(-5). Calculate the highest common factor of b and a.
6
Let k(x) = 14 - 55*x + 72*x - 86*x. Let d be k(-2). What is the greatest common factor of d and 38?
38
Suppose 1063180 = 110*v + 5*v + 3*v. Calculate the highest common divisor of v and 170.
170
Let h = -21800 + 26871. What is the highest common factor of 11 and h?
11
Let d = -300 + 392. Suppose -89*p - 184 = -d*p - 2*x, p - x = 63. What is the greatest common divisor of p and 1054?
62
Let u be ((-444)/15)/((-387)/(-45) - 9). What is the highest common divisor of 34 and u?
2
Let o(p) = -p**3 + 47. Let r be o(0). Let q = r - 27. Suppose 3*b - 798 + 732 = 6*f, 0 = 5*b - 3*f - 103. What is the greatest common factor of b and q?
20
Let j(m) = 37*m**2 + 13*m + 9. Let w be j(2). Calculate the greatest common factor of 2501 and w.
61
Suppose -2*m - 30*m + 1088 = 0. What is the highest common divisor of 119 and m?
17
Let w be 344/43 + 86*6. Let c = 533 - w. Calculate the greatest common divisor of 225 and c.
9
Suppose -3*h + g + 99 = 0, 208*h - 212*h + 5*g + 165 = 0. What is the greatest common factor of 4710 and h?
30
Suppose 0*c - 2*u - 12 = -3*c, 4*c = -4*u + 16. Let d be (-1 + 35/(-10))/(12/(-16)). Let i be 10/d*(-2)/10*-12. Calculate the greatest common factor of i and c.
4
Let n = 32696 - 32633. Let s(c) be the third derivative of c**5/60 - c**4/6 - 5*c**3/6 + c**2. Let t be s(6). What is the highest common divisor of t and n?
7
Let j(k) = -k**2 - 52. Let x be j(0). Let o be (-21)/12 - (-3 - x/16). Let l be 3/(-2)*(o - 174/9). What is the highest common divisor of 96 and l?
32
Let s be -1 - -1 - -6 - 213. Let m = s + 441. Calculate the greatest common factor of m and 18.
18
Let p = 1579 - 355. Let d = p - 558. What is the highest common factor of 74 and d?
74
Let u(x) be the second derivative of 1/6*x**3 + 0 + 13/2*x**2 + 31*x. Let o be u(-9). What is the highest common divisor of 16 and o?
4
Let g(p) = -p**3 + 6*p**2 + 2*p - 17. Let y be g(6). Let f be (-1401)/(-39) + y/(-65). Calculate the highest common divisor of f and 36.
36
Let k be (8 + 84)*((-15)/20 - -2). What is the highest common divisor of 1587 and k?
23
Suppose -2*p - 3*c - 150 - 46 = 0, -5*p + 4*c - 467 = 0. Let y = p - -30. Let f be 3/5 + (-1391)/y. What is the highest common factor of f and 33?
11
Let i be (700 - -37) + (-1)/(1/2). Let n(w) = w**3 + 52*w**2 - 107*w + 103. Let o be n(-54). Calculate the greatest common factor of o and i.
49
Suppose -17*g = 141 - 804. Suppose -2*k + 378 - 103 = m, 2*k + 1090 = 4*m. Calculate the highest common divisor of m and g.
39
Let a be -3*(1074/(-9) - -2). Suppose -4*j - 12*i = -8*i - 124, 0 = -5*j + 2*i + 162. Calculate the greatest common divisor of j and a.
32
Let u be (-24 - -27)*(-1 - 0 - -13). Let v(s) = s**2 - 38*s + 86. Let q be v(u). What is the highest common factor of q and 126?
14
Let d be 5*(-6)/((-90)/357). What is the highest common factor of d and 259?
7
Let h be ((-12)/1)/(-1) - 4. Suppose l - 3*f - h = 16, 3*f = -3*l + 36. What is the greatest common factor of 25 and l?
5
Suppose t = 3*a - 226, -4*a + 81 + 393 = 11*t. Let f be 40/6 - (-4)/(-6). Suppose -n = -f - 4. Calculate the highest common divisor of n and a.
10
Let d(f) be the third derivative of 31*f**6/120 - f**5/20 + 5*f**3/3 - 98*f**2. Let v be d(2). Calculate the highest common factor of 41 and v.
41
Let s(w) = -31*w - 67. Let l be s(-6). Let v = l + 49. What is the highest common divisor of 42 and v?
42
Let y = -443 - -448. Suppose -172 = -3*w + y*j + 77, j = 3*w - 261. Calculate the greatest common factor of 64 and w.
8
Let z be -824*(25 - 13)/(-24)*(-14)/(-4). Calculate the highest common divisor of z and 824.
206
Suppose 0 = 229*w + 43*w - 339728. Calculate the highest common divisor of w and 1.
1
Let v be ((-4)/5)/(1